0
Let z = 244 - -155. Let i = -156 + z. What is the hundreds digit of i?
2
Suppose 1379816 + 1170766 - 329310 = 72*v. What is the thousands digit of v?
0
Let i(l) = -4*l**3 - 3*l**2 + 2. Let w be i(2). Let m = w - -185. What is the tens digit of m?
4
Let d = 39197 - 28452. What is the ten thousands digit of d?
1
Suppose 12499*g = 12598*g - 3084147. What is the tens digit of g?
5
Suppose -2*q = -5*l + 19957, -2 = 2*q - 10. What is the tens digit of l?
9
Suppose 4*y = -12, 3*f + 3*y + 198 + 252 = 0. Let p = f + 371. What is the units digit of p?
4
Suppose 4*s - 7*s - 597 = 0. Let b be 22/(-33) - s/(-3). What is the tens digit of (-2)/(b/(-23) - 3)?
2
Let n = 53193 - 34605. What is the thousands digit of n?
8
What is the units digit of (-1)/(-15) - 37698030/(-675)?
9
Let o(g) = -3*g - 2*g + 17 - g**2 + 2*g**2 - 4*g. What is the units digit of o(9)?
7
Suppose -5*i + 0*i = 2*y + 171, i - 1 = 0. Let l = y + 159. What is the units digit of l?
1
Let z be 1/(-1)*(-2)/(-2). Let v = -2490 + 2525. What is the tens digit of (-7)/(v/165)*z?
3
Suppose -5*j - 5 = 3*s, -7*j = -4*s - 12*j. What is the units digit of (-2)/2 - (-446 - s)?
0
Suppose 6*g = 3*g + 9. Suppose 574 = -0*w + g*w - 4*x, 0 = -4*x - 16. What is the hundreds digit of w?
1
Suppose 2*i + 1372 = 4*i. Let j = i + -285. What is the hundreds digit of j?
4
Let g(h) = -h**3 + 30*h**2 + 21*h + 13. What is the hundreds digit of g(9)?
9
Let y(l) = -l**2 - 22*l + 16. Let u be y(-22). Suppose 0 = 2*k - 6, -4*j + u = 5*k - 2167. What is the units digit of j?
2
Suppose -15*w = -5*u - 12*w + 70, -4*w = 0. Suppose 0 = -u*g - 21 + 63. Suppose 5*m = 2*d - 283, d - 5*m = -g*d + 561. What is the units digit of d?
9
Suppose -4*a = -4*x - 52, 5*a = -3*x - 0*x + 65. Suppose 19*i - 12 = a*i. Suppose 0*z - 4*j = -i*z + 326, -5*z + 787 = 4*j. What is the tens digit of z?
5
Let q(m) = -228*m + 214. Let o(v) = 228*v - 215. Let r(b) = 2*o(b) + 3*q(b). What is the hundreds digit of r(-6)?
5
Let t(f) = -88*f + 16409. What is the hundreds digit of t(-171)?
4
Let z(g) = 27*g**2 + 357. What is the units digit of z(0)?
7
Let u be (45/(-12) + -1)/(1/(-4)). Suppose -6*k + k - 51 = 4*i, 5*k = 4*i - u. What is the tens digit of (k - -9) + (0 - 0 - -55)?
5
Suppose -11174 = -5*j + 12911. What is the units digit of j?
7
Suppose 1324189 = 108*x + 55*x - 1270608. What is the thousands digit of x?
5
Suppose 2*m = -4*y + 22, 0 = -4*m - 5*y + 71 - 15. Let j(k) = -37*k**3 - k + 1. Let u be j(1). Let v = m - u. What is the units digit of v?
6
Let f(k) = k**3 + 17*k**2 - 21*k - 36. Let y be f(-18). Suppose 2*d = -14*u + y*u + 1788, 2702 = 3*d - 2*u. What is the tens digit of d?
0
Suppose 4*d + 17 + 3 = 0. Let u(q) = -q**3 - q**2 - 11*q. What is the units digit of u(d)?
5
Let i(k) = k**3 + 12*k**2 - k - 32. Let y be i(-12). Let t be (45/y)/((-6)/(-32)). What is the units digit of t/(2 + (-285)/138)?
4
Suppose 3*c - 5*c - 15 = -3*t, 3*c - 6 = -5*t. Suppose -t*w - 176 + 548 = 0. What is the tens digit of w?
2
Suppose -o - 3*f + 0 = -23, -4*f = -3*o + 30. Suppose o = v + 6*v. Suppose -5*s + 322 = 2*c, 149 = v*s + 5*c + 37. What is the units digit of s?
6
Suppose -7339 = -4*i - 2*v + 21055, 0 = 5*i - 2*v - 35470. What is the units digit of i?
6
Let q(a) = 6*a**2 - 3*a + 11. Let b be (-52)/39*(-30)/4. What is the tens digit of q(b)?
8
What is the units digit of 2/(-4 - ((-23)/92)/(11582/185316))?
4
Let k be (0 - (1 - 4)) + 1. Suppose k*s = -0*z - 3*z - 20, 0 = 4*z - 2*s + 12. What is the units digit of ((-14)/z + -4)/((-3)/180)?
0
Suppose 2*r - 3*r = 5*r - 11004. What is the hundreds digit of r?
8
What is the units digit of (-5)/(245/(-914914)) + 36/126?
2
Let z = -323 + 1115. What is the hundreds digit of z*(0 + (-19)/(-4) + -4)?
5
Suppose -517*x + 434*x = -3207452. What is the thousands digit of x?
8
Suppose -3283 = 5*k + q, -3*k + 682 = -2*q + 2657. Let g = k - -933. What is the hundreds digit of g?
2
Suppose 0 = 2*q + y - 19273, 4*q - y - 35889 = 2642. What is the hundreds digit of q?
6
Let z(x) = 82*x + 62. Let w(y) = -83*y - 62. Let l(t) = 3*w(t) + 4*z(t). What is the units digit of l(6)?
6
Let z = -12 + 6. Let m(n) = 3*n**2 + 114*n + 109*n - 220*n + 18. What is the hundreds digit of m(z)?
1
Let j(p) = p + 4. Let q(h) = 140*h - 47. Let b(m) = -2*j(m) - q(m). What is the units digit of b(-4)?
7
Suppose 3*c = 5*t + 4*c - 105, 2*c + 63 = 3*t. Let v = t + 52. What is the units digit of v?
3
Let o = -43 - -44. Let m be (-10)/30*(o + -13). What is the tens digit of 3/(-4) + 451/m?
1
What is the units digit of ((-35)/((-7)/1))/(18/24714)?
5
Suppose 0 = f + w + 1554, 4*f - 3*w = -w - 6204. Let o = f - -2287. What is the hundreds digit of o?
7
Let t(k) = 0*k + 42 - 2*k - 7*k. What is the hundreds digit of t(-17)?
1
Suppose -67 + 6 = -2*o - 5*m, -2*o + 67 = 3*m. Let t(a) = a**3 - o + 21*a**2 + 6*a - 6*a**2 + 9. What is the hundreds digit of t(-13)?
2
Let j(z) = -19*z**3 - 8*z**2 + 5*z + 141. What is the tens digit of j(-8)?
1
Suppose 107*q = 4*y + 103*q - 19240, -2*y + 9624 = -4*q. What is the tens digit of y?
0
Let l be (1/(-2) - (-4)/(-2))*-806. Suppose -l = -37*o + 29731. What is the units digit of o?
8
What is the hundreds digit of 6/1 + -2 + (7535 - 23)?
5
Let r(u) = -6*u - 2 - 4*u**2 - 15 - 2*u - u**3 + 13*u**2. Let b be (1/((-30)/24))/((-14)/105). What is the tens digit of r(b)?
4
Let l = -6572 + 11307. What is the units digit of l?
5
Let i(j) be the first derivative of -203*j**2 - 50*j + 47. What is the hundreds digit of i(-2)?
7
Let h(n) = -13*n**3 - 9*n**2 + 31*n - 89. Let p(q) = 6*q**3 + 6*q**2 - 15*q + 45. Let f(b) = -4*h(b) - 9*p(b). What is the units digit of f(-13)?
0
Let t = -1916 - -1301. What is the units digit of (-82)/t - (-21133)/15?
9
Suppose b - 3338 = -4*c + 3682, 2 = 2*c. What is the thousands digit of b?
7
Let d(k) = 92*k**2 - 17*k - 3. What is the units digit of d(4)?
1
Let b be (-1458)/45*(0 - (-20)/(-6)). Suppose -1264 = -4*s + b. What is the hundreds digit of s?
3
Suppose x = 3*b - 6, 0*b - 47 = 5*x + 2*b. Let w(f) be the second derivative of -3*f**3/2 - 4*f**2 + 16*f. What is the units digit of w(x)?
3
Let l(u) = -u**2 + 85*u + 13. Let j be l(15). Suppose g = 5*v - 3280, 3*v = -4*g + j + 905. What is the units digit of v?
6
Suppose -23*d = 15446 + 1850. Let l = -461 - d. What is the units digit of l?
1
Suppose 1834296 = 131*i - 1414086 + 66785. What is the thousands digit of i?
4
Let w(c) = -18055*c - 13898. What is the hundreds digit of w(-6)?
4
Let m = 463 - 3. Suppose 2*c - 5*i = 929, 4*i = 4*c - 3*c - m. What is the units digit of c?
2
Suppose -3131 = 7*p + 1755. Let q = p + 1271. What is the tens digit of q?
7
Suppose -3*y - 3*a - 3564 = 0, -9*y - 5*a - 2370 = -7*y. Let f = y + 1979. What is the units digit of f?
9
Let u(s) be the second derivative of -43*s**5/20 + s**4/12 - s**3/6 - 36*s. What is the units digit of u(-2)?
0
Suppose -3*z = w + w - 33, 0 = -3*w - 5*z + 48. Let q(y) = -y**3 + 22*y**2 + 23*y + 18. What is the units digit of q(w)?
2
Let h be 5 + 2 + 3/(-1). Suppose h*o - 1296 = 124. What is the hundreds digit of o?
3
What is the thousands digit of (4 - (5 - (-42)/(-6))) + 16538?
6
Suppose 4*g - 85168 = 3*n, 5*g = 8*g - 5*n - 63898. What is the units digit of g?
6
Suppose -48*i + 18 = -42*i. Suppose 2*y - 2220 = -3*a, 3*y + 2235 = i*a - 0*y. What is the hundreds digit of a?
7
Suppose 0 = -2*l - l - 150. Let d(j) = -j - 4. Let n be d(-2). What is the tens digit of (2 - (n + l))/1?
5
Suppose 0 = -35*z + 24*z - 1199. Let c = z - -112. Suppose 0 = 4*s + c*s - 1680. What is the units digit of s?
0
Let m be (3/((-6)/8))/((-4)/2). Suppose 0 = x - m*x, 5*g - 3*x = 3240. Suppose -g = -3*v - 5*v. What is the units digit of v?
1
Let x(r) = r**2 + 21*r + 15. Let a be x(-21). What is the units digit of ((-40)/a + 0)*402/(-4)?
8
Let g(j) = -j**3 + 5*j**2 - 8*j + 6. Let a be g(3). Suppose a = 78*y - 81*y + 6. Suppose y*l - 117 = 87. What is the hundreds digit of l?
1
Let y(s) = -s**2 + 19*s + 96. Let h be y(20). Suppose h*q - 9198 = 70*q. What is the tens digit of q?
3
Suppose h - 331 = -84. Let z = 319 - 466. Let y = h + z. What is the tens digit of y?
0
Let b(y) = -14*y**2 + 19*y - 193. Let a(k) = -13*k**2 + 20*k - 192. Let h(m) = -5*a(m) + 4*b(m). What is the units digit of h(8)?
2
Let n be ((1 + -2)*3 - -2)*-5